nds digit of 288147412?
4
What is the hundred thousands digit of 5948829?
9
What is the units digit of 122130844?
4
What is the units digit of 42117550?
0
What is the ten millions digit of 79427537?
7
What is the thousands digit of 448315247?
5
What is the tens digit of 56810309?
0
What is the thousands digit of 1901979793?
9
What is the thousands digit of 840921299?
1
What is the millions digit of 139746818?
9
What is the hundreds digit of 3975949981?
9
What is the thousands digit of 406053018?
3
What is the hundreds digit of 170323822?
8
What is the ten thousands digit of 3097444199?
4
What is the ten thousands digit of 199749289?
4
What is the thousands digit of 533311943?
1
What is the hundred thousands digit of 2170817897?
8
What is the hundreds digit of 1536855137?
1
What is the tens digit of 62308460?
6
What is the thousands digit of 233246898?
6
What is the thousands digit of 53731555?
1
What is the ten thousands digit of 1411909624?
0
What is the tens digit of 55089962?
6
What is the millions digit of 3147784951?
7
What is the thousands digit of 24414894?
4
What is the ten millions digit of 122618646?
2
What is the tens digit of 1138259918?
1
What is the ten millions digit of 118039472?
1
What is the ten thousands digit of 115006065?
0
What is the ten thousands digit of 42767434?
6
What is the tens digit of 6765677066?
6
What is the hundred millions digit of 158338648?
1
What is the millions digit of 307556105?
7
What is the ten thousands digit of 876941572?
4
What is the hundred thousands digit of 52614727?
6
What is the units digit of 40681136?
6
What is the units digit of 726558456?
6
What is the billions digit of 2182926150?
2
What is the hundreds digit of 1334848862?
8
What is the thousands digit of 153183934?
3
What is the hundreds digit of 90083663?
6
What is the units digit of 2572784590?
0
What is the billions digit of 3910935424?
3
What is the ten millions digit of 248898015?
4
What is the millions digit of 56624039?
6
What is the billions digit of 3774087872?
3
What is the thousands digit of 42533216?
3
What is the hundreds digit of 6204458430?
4
What is the ten thousands digit of 122677188?
7
What is the thousands digit of 112624263?
4
What is the ten thousands digit of 136770294?
7
What is the tens digit of 216314260?
6
What is the tens digit of 214126513?
1
What is the tens digit of 99983889?
8
What is the millions digit of 37845865?
7
What is the hundred millions digit of 1383649154?
3
What is the ten thousands digit of 2541698?
4
What is the billions digit of 1105023758?
1
What is the hundreds digit of 1002967693?
6
What is the tens digit of 1450814410?
1
What is the millions digit of 1516821040?
6
What is the ten millions digit of 51491087?
5
What is the millions digit of 47025486?
7
What is the tens digit of 6818460625?
2
What is the ten millions digit of 6391591407?
9
What is the units digit of 26005774?
4
What is the thousands digit of 18869027?
9
What is the ten thousands digit of 121777639?
7
What is the ten millions digit of 67313354?
6
What is the ten millions digit of 781756973?
8
What is the units digit of 136790227?
7
What is the thousands digit of 73130158?
0
What is the thousands digit of 135959117?
9
What is the units digit of 106987802?
2
What is the thousands digit of 105689958?
9
What is the hundred millions digit of 238845998?
2
What is the ten thousands digit of 445067896?
6
What is the hundred millions digit of 492812441?
4
What is the millions digit of 20910158?
0
What is the hundred thousands digit of 2559398?
5
What is the hundreds digit of 318086354?
3
What is the units digit of 266432601?
1
What is the hundreds digit of 59663514?
5
What is the thousands digit of 97755219?
5
What is the hundred thousands digit of 118329025?
3
What is the hundred thousands digit of 138587720?
5
What is the ten thousands digit of 57783151?
8
What is the ten millions digit of 577274175?
7
What is the thousands digit of 24132826?
2
What is the hundreds digit of 275033997?
9
What is the hundred millions digit of 1561512679?
5
What is the thousands digit of 39709637?
9
What is the hundred thousands digit of 31632078?
6
What is the ten millions digit of 2066544813?
6
What is the units digit of 98827001?
1
What is the ten thousands digit of 7122622714?
2
What is the tens digit of 884567486?
8
What is the units digit of 115259173?
3
What is the ten thousands digit of 182405893?
0
What is the units digit of 4936049326?
6
What is the hundred millions digit of 257462508?
2
What is the millions digit of 1404360174?
4
What is the units digit of 89243642?
2
What is the tens digit of 96771457?
5
What is the units digit of 95065387?
7
What is the tens digit of 182839867?
6
What is the hundred millions digit of 527817729?
5
What is the hundred thousands digit of 92954847?
9
What is the billions digit of 1180629690?
1
What is the millions digit of 624669924?
4
What is the ten thousands digit of 236671232?
7
What is the hundred thousands digit of 387146552?
1
What is the hundred millions digit of 1724078363?
7
What is the thousands digit of 120123060?
3
What is the hundreds digit of 12696342?
3
What is the hundreds digit of 603278519?
5
What is the hundred thousands digit of 205230808?
2
What is the hundred thousands digit of 135288806?
2
What is the units digit of 8218627?
7
What is the hundreds digit of 1403689096?
0
What is the hundred millions digit of 382984767?
3
What is the units digit of 8735037?
7
What is the ten thousands digit of 388650095?
5
What is the ten thousands digit of 1391676655?
7
What is the units digit of 2820321?
1
What is the units digit of 34450053?
3
What is the ten millions digit of 109195533?
0
What is the tens digit of 189443049?
4
What is the millions digit of 67798976?
7
What is the units digit of 47575614?
4
What is the ten millions digit of 129485852?
2
What is the ten millions digit of 101903840?
0
What is the millions digit of 88743768?
8
What is the ten thousands digit of 247623864?
2
What is the hundreds digit of 42430599?
5
What is the millions digit of 3108894210?
8
What is the ten millions digit of 177598284?
7
What is the units digit of 861394587?
7
What is the billions digit of 3839615953?
3
What is the ten millions digit of 1326067715?
2
What is the millions digit of 923812373?
3
What is the hundred millions digit of 832050218?
8
What is the thousands digit of 6580122?
0
What is the hundreds digit of 486593275?
2
What is the millions digit of 625866194?
5
What is the millions digit of 850783890?
0
What is the tens digit of 67420521?
2
What is the tens digit of 10561406?
0
What is the hundreds digit of 66726646?
6
What is the units digit of 256097135?
5
What is the units digit of 788877922?
2
What is the hundreds digit of 121208008?
0
What is the ten millions digit of 31302323?
3
What is the hundred thousands digit of 1668155511?
1
What is the ten millions digit of 132878478?
3
What is the billions digit of 1871852110?
1
What is the thousands digit of 144391407?
1
What is the billions digit of 1476721224?
1
What is the hundred thousands digit of 127022570?
0
What is the ten millions digit of 704412569?
0
What is the hundreds digit of 673207886?
8
What is the hundred thousands digit of 141660939?
6
What is the ten millions digit of 178978821?
7
What is the hundreds digit of 3011405?
4
What is the hundreds digit of 2672085925?
9
What is the hundreds digit of 3828524337?
3
What is the hundred thousands digit of 64559905?
5
What is the ten millions digit of 285315567?
8
What is the units digit of 4297292089?
9
What is the billions digit of 2504244935?
2
What is the thousands digit of 71983255?
3
What is the hundreds digit of 181039184?
1
What is the ten millions digit of 1189187193?
8
What is the hundred thousands digit of 442240846?
2
What is the ten thousands digit of 71072806?
7
What is the tens digit of 1689169729?
2
What is the millions digit of 159224424?
9
What is the ten millions digit of 1149265383?
4
What is the hundreds digit of 217104625?
6
What is the tens digit of 39173818?
1
What is the tens digit of 284856063?
6
What is the millions digit of 668817430?
8
What is the units digit of 3931749?
9
What is the units digit of 25796738?
8
What is the ten thousands digit of 90055023